{"id":2,"date":"2019-07-16T23:31:10","date_gmt":"2019-07-16T23:31:10","guid":{"rendered":"https:\/\/bioefluentes.com.br\/site\/?page_id=2"},"modified":"2019-12-04T21:09:41","modified_gmt":"2019-12-04T21:09:41","slug":"sample-page","status":"publish","type":"page","link":"https:\/\/bioefluentes.com.br\/site\/","title":{"rendered":"Tratamento e Formula\u00e7\u00e3o de Aditivos Biol\u00f3gicos &#038; Consultoria Especializada na \u00c1rea de Efluentes Industriais e Dom\u00e9sticos"},"content":{"rendered":"\n<div class=\"wp-block-image\"><figure class=\"alignleft is-resized\"><img decoding=\"async\" loading=\"lazy\" src=\"https:\/\/bioefluentes.com.br\/site\/wp-content\/uploads\/2019\/07\/favicon.png\" alt=\"\" class=\"wp-image-6\" width=\"128\" height=\"128\" srcset=\"https:\/\/bioefluentes.com.br\/site\/wp-content\/uploads\/2019\/07\/favicon.png 512w, https:\/\/bioefluentes.com.br\/site\/wp-content\/uploads\/2019\/07\/favicon-150x150.png 150w, https:\/\/bioefluentes.com.br\/site\/wp-content\/uploads\/2019\/07\/favicon-300x300.png 300w\" sizes=\"(max-width: 128px) 100vw, 128px\" \/><\/figure><\/div>\n\n\n\n<p>A <strong>Bio Efluentes<\/strong> \u00e9 formuladora de aditivos biol\u00f3gicos e oferece consultoria especializada na \u00e1rea de efluentes dom\u00e9sticos e industriais.<\/p>\n\n\n\n<p>O\nuso destes aditivos biol\u00f3gicos serve para tratar o efluente no pr\u00f3prio local,\nde forma limpa e segura, minimizando os custos de retirada do material\norg\u00e2nico.<\/p>\n\n\n\n<div class=\"wp-block-cover has-background-dim\" style=\"background-image:url(https:\/\/bioefluentes.com.br\/site\/wp-content\/uploads\/2019\/07\/lynette-yeo-Bk3hJhFbvlw-unsplash.jpg)\"><div class=\"wp-block-cover__inner-container\">\n<p class=\"has-text-align-center has-large-font-size texto-imagem\">\nNosso objetivo \u00e9 continuar desenvolvendo solu\u00e7\u00f5es ambientais de forma segura e economicamente vi\u00e1vel.\n\n<\/p>\n<\/div><\/div>\n\n\n\n<hr class=\"wp-block-separator\"\/>\n\n\n\n<h2 class=\"titulo-azul\">Como funciona?<\/h2>\n\n\n\n<p>Do\nponto de vista quantitativo, um sistema de tratamento de efluentes\nj\u00e1 possui substratos,\npor\u00e9m, n\u00e3o cont\u00e9m\nespecificidade.<\/p>\n\n\n\n<p>Os aditivos biol\u00f3gicos da <strong>Bio Efluentes<\/strong>, melhoram a qualidade do efluente uma vez que fornecem os substratos necess\u00e1rios para uma cultura permanente.  Os subprodutos do metabolismo dos aditivos biol\u00f3gicos do processo <strong>Bio Efluentes<\/strong> s\u00e3o di\u00f3xido de carbono, agua e produtos oxidados intermedi\u00e1rios de carboidratos, prote\u00ednas e lip\u00eddios, todos n\u00e3o poluentes e sem odores nocivos. <\/p>\n\n\n\n<figure class=\"wp-block-image\"><img decoding=\"async\" loading=\"lazy\" width=\"1024\" height=\"427\" src=\"https:\/\/bioefluentes.com.br\/site\/wp-content\/uploads\/2019\/08\/bio-efluentes-caixa-de-gorura-1024x427.png\" alt=\"\" class=\"wp-image-138\" srcset=\"https:\/\/bioefluentes.com.br\/site\/wp-content\/uploads\/2019\/08\/bio-efluentes-caixa-de-gorura-1024x427.png 1024w, https:\/\/bioefluentes.com.br\/site\/wp-content\/uploads\/2019\/08\/bio-efluentes-caixa-de-gorura-300x125.png 300w, https:\/\/bioefluentes.com.br\/site\/wp-content\/uploads\/2019\/08\/bio-efluentes-caixa-de-gorura-768x320.png 768w, https:\/\/bioefluentes.com.br\/site\/wp-content\/uploads\/2019\/08\/bio-efluentes-caixa-de-gorura-648x270.png 648w, https:\/\/bioefluentes.com.br\/site\/wp-content\/uploads\/2019\/08\/bio-efluentes-caixa-de-gorura-461x192.png 461w, https:\/\/bioefluentes.com.br\/site\/wp-content\/uploads\/2019\/08\/bio-efluentes-caixa-de-gorura.png 1025w\" sizes=\"(max-width: 1024px) 100vw, 1024px\" \/><figcaption>  DESENTUPIMENTO NA TUBULA\u00c7\u00c3O<br>PROCESSO METAB\u00d3LICO COM USO DO ADITIVO BIOL\u00d3GICO<\/figcaption><\/figure>\n\n\n\n<hr class=\"wp-block-separator\"\/>\n\n\n\n<h2 class=\"titulo-azul\">Onde pode ser utilizado?<\/h2>\n\n\n\n<p>Os aditivos biol\u00f3gicos da <strong>Bio Efluentes <\/strong>podem ser utilizados em caixas de gordura, ralos, fossas s\u00e9pticas, sumidouros, lagoas, esta\u00e7\u00f5es de tratamento de esgoto e em mict\u00f3rios.<\/p>\n\n\n\n<div class=\"wp-block-cover has-background-dim\" style=\"background-image:url(https:\/\/bioefluentes.com.br\/site\/wp-content\/uploads\/2019\/07\/guillaume-de-germain-6Xw9wMJyHus-unsplash.jpg)\"><div class=\"wp-block-cover__inner-container\">\n<p class=\"has-text-align-center has-large-font-size texto-imagem\">\nAtendemos resid\u00eancias, estabelecimentos comerciais (como restaurantes, \npadarias,&nbsp; shopping, hot\u00e9is, entre outros), ind\u00fastrias e companhias de \ntratamento de esgoto de cidades. \n\n<\/p>\n<\/div><\/div>\n\n\n\n<hr class=\"wp-block-separator\"\/>\n\n\n\n<h2 class=\"titulo-azul\">Quais os benef\u00edcios?<\/h2>\n\n\n\n<p><img decoding=\"async\" loading=\"lazy\" width=\"54\" height=\"55\" class=\"wp-image-103\" style=\"width: 24px;\" src=\"https:\/\/bioefluentes.com.br\/site\/wp-content\/uploads\/2019\/07\/item-pingo-dagua-azul-folha-verde-bio-efluentes.png\" alt=\"\"> <strong>Evita custos altos de investimentos em equipamentos operacionais<\/strong>, j\u00e1 que nosso processo biol\u00f3gico aumenta a capacidade de tratamento do efluente e efici\u00eancia do sistema existente sem necessidade de expans\u00e3o;<\/p>\n\n\n\n<p><img decoding=\"async\" loading=\"lazy\" width=\"54\" height=\"55\" class=\"wp-image-103\" style=\"width: 24px;\" src=\"https:\/\/bioefluentes.com.br\/site\/wp-content\/uploads\/2019\/07\/item-pingo-dagua-azul-folha-verde-bio-efluentes.png\" alt=\"\"> Biodegrada\u00e7\u00e3o dos lip\u00eddios (gorduras, \u00f3leos e graxas), das prote\u00ednas e dos carboidratos, reduzindo a mat\u00e9ria org\u00e2nica e <strong>evitando a forma\u00e7\u00e3o de crostas de gordura que causam entupimento e transbordamento<\/strong>; <\/p>\n\n\n\n<p><img decoding=\"async\" loading=\"lazy\" width=\"54\" height=\"55\" class=\"wp-image-103\" style=\"width: 24px;\" src=\"https:\/\/bioefluentes.com.br\/site\/wp-content\/uploads\/2019\/07\/item-pingo-dagua-azul-folha-verde-bio-efluentes.png\" alt=\"\"> <strong>Substitui a retirada manual e mec\u00e2nica (caminh\u00e3o limpa fossa) do material org\u00e2nico<\/strong>, tratando o res\u00edduo no local de forma limpa, pr\u00e1tica e segura;<\/p>\n\n\n\n<p><img decoding=\"async\" loading=\"lazy\" width=\"54\" height=\"55\" class=\"wp-image-103\" style=\"width: 24px;\" src=\"https:\/\/bioefluentes.com.br\/site\/wp-content\/uploads\/2019\/07\/item-pingo-dagua-azul-folha-verde-bio-efluentes.png\" alt=\"\"> O processo Bio Efluentes <strong>reduz e melhora a qualidade do lodo residual<\/strong>;<\/p>\n\n\n\n<p><img decoding=\"async\" loading=\"lazy\" width=\"54\" height=\"55\" class=\"wp-image-103\" style=\"width: 24px;\" src=\"https:\/\/bioefluentes.com.br\/site\/wp-content\/uploads\/2019\/07\/item-pingo-dagua-azul-folha-verde-bio-efluentes.png\" alt=\"\"> <strong>Elimina maus odores<\/strong>, j\u00e1 que em alguns processos o ciclo do enxofre gera como produto final o sulfeto de hidrog\u00eanio (H2S), cujo odor \u00e9 muito desagrad\u00e1vel e possui toxidade alta. Os aditivos biol\u00f3gicos do processo Bio Efluentes conseguem a degrada\u00e7\u00e3o destes substratos, transformando-os em di\u00f3xido de carbono (CO2), agua e energia, reduzindo os gases nocivos;<\/p>\n\n\n\n<p><img decoding=\"async\" loading=\"lazy\" width=\"54\" height=\"55\" class=\"wp-image-103\" style=\"width: 24px;\" src=\"https:\/\/bioefluentes.com.br\/site\/wp-content\/uploads\/2019\/07\/item-pingo-dagua-azul-folha-verde-bio-efluentes.png\" alt=\"\"> Os aditivos biol\u00f3gicos da Bio Efluentes <strong>s\u00e3o 100% naturais<\/strong>, totalmente compat\u00edveis com organismos aqu\u00e1ticos e a suspens\u00e3o aquosa utilizada n\u00e3o \u00e9 toxica, inflam\u00e1vel, combust\u00edvel ou corrosiva;<\/p>\n\n\n\n<p><img decoding=\"async\" loading=\"lazy\" width=\"54\" height=\"55\" class=\"wp-image-103\" style=\"width: 24px;\" src=\"https:\/\/bioefluentes.com.br\/site\/wp-content\/uploads\/2019\/07\/item-pingo-dagua-azul-folha-verde-bio-efluentes.png\" alt=\"\"> A acelera\u00e7\u00e3o biol\u00f3gica <strong>proporciona redu\u00e7\u00e3o global do efeito poluente e enquadramento do efluente nas legisla\u00e7\u00f5es ambientais<\/strong>, j\u00e1 que reduz certos par\u00e2metros como: DBO (<em>demanda biol\u00f3gica de oxig\u00eanio<\/em>), DQO (<em>demanda qu\u00edmica de oxig\u00eanio<\/em>), sulfeto, \u00f3leos, graxas, s\u00f3lidos totais, entre outros.<\/p>\n\n\n\n<hr class=\"wp-block-separator\"\/>\n\n\n\n<h2 class=\"titulo-azul\">Nossos produtos<\/h2>\n\n\n\n<p>A <strong>Bio Efluentes<\/strong> conta com uma linha de <a href=\"https:\/\/bioefluentes.com.br\/site\/produtos\/\">produtos biol\u00f3gicos espec\u00edficos<\/a> para tratamento de efluentes, incluindo tubula\u00e7\u00e3o, caixa de gordura e mict\u00f3rio. <\/p>\n\n\n\n<p>Al\u00e9m\ndestes, tamb\u00e9m s\u00e3o fabricados os seguintes produtos:<\/p>\n\n\n\n<p><img decoding=\"async\" loading=\"lazy\" width=\"54\" height=\"55\" class=\"wp-image-103\" style=\"width: 22px;\" src=\"https:\/\/bioefluentes.com.br\/site\/wp-content\/uploads\/2019\/07\/item-pingo-dagua-azul-folha-verde-bio-efluentes.png\" alt=\"\"> <strong>BIO LAGOAS <\/strong>&#8211; Produto biol\u00f3gico que biodegrada os res\u00edduos org\u00e2nicos do fundo do tanque, lago ou lagoa, assim, como elimina algas, melhorando a turbidez e qualidade da \u00e1gua. [<a href=\"https:\/\/bioefluentes.com.br\/site\/produtos\/bio-lagoas\/\">Saiba mais]<\/a><\/p>\n\n\n\n<p><img decoding=\"async\" loading=\"lazy\" width=\"54\" height=\"55\" class=\"wp-image-103\" style=\"width: 22px;\" src=\"https:\/\/bioefluentes.com.br\/site\/wp-content\/uploads\/2019\/07\/item-pingo-dagua-azul-folha-verde-bio-efluentes.png\" alt=\"\"> <strong>BIO ANTI AEDES <\/strong>\u2013 Produto biol\u00f3gico que impede o desenvolvimento do inseto <em>Aedes Aegypti <\/em>(causador de diversas doen\u00e7as). Por ser at\u00f3xico pode ser aplicado tamb\u00e9m em caixas d\u00b4\u00e1gua ou piscinas.<\/p>\n\n\n\n<p><img decoding=\"async\" loading=\"lazy\" width=\"54\" height=\"55\" class=\"wp-image-103\" style=\"width: 22px;\" src=\"https:\/\/bioefluentes.com.br\/site\/wp-content\/uploads\/2019\/07\/item-pingo-dagua-azul-folha-verde-bio-efluentes.png\" alt=\"\"> <strong>BIO SOLO<em> &#8211; <\/em><\/strong>Produto natural de a\u00e7\u00e3o biol\u00f3gica que atua no solo e no sistema radicular, promovendo um melhor desenvolvimento da cultura durante o ciclo produtivo. O Inoculante Bio Solo \u00e9 desenvolvido \u00e0 partir de bact\u00e9rias do solo, capazes de estabelecer uma associa\u00e7\u00e3o com a raiz, transformando o nitrog\u00eanio atmosf\u00e9rico em nitrog\u00eanio assimil\u00e1vel. [<a href=\"https:\/\/bioefluentes.com.br\/site\/produtos\/bio-solo\/\">Saiba mais<\/a>]<\/p>\n\n\n\n<div class=\"wp-block-cover has-background-dim\" style=\"background-image:url(https:\/\/bioefluentes.com.br\/site\/wp-content\/uploads\/2019\/07\/bee-naturalles-d0EMqK7aNIU-unsplash.jpg)\"><div class=\"wp-block-cover__inner-container\">\n<p class=\"has-text-align-center has-large-font-size\">Vantagens do uso do Bio Solo:<\/p>\n\n\n\n<p><br>\u2022 Menor custo quando comparada com uma aduba\u00e7\u00e3o nitrogenada convencional (podendo chegar a uma redu\u00e7\u00e3o de 90%)<br><br>\u2022 Maior produtividade<br><br>\u2022 Redu\u00e7\u00e3o da polui\u00e7\u00e3o ambiental<br><br>\u2022 O meio de cultura \u201cBio Solo\u201d pode ser usado em diversas culturas, tais como: soja, amendoim, ervilha, gr\u00e3os e leguminosas em geral<br><br>\u2022 O inoculante Bio Solo j\u00e1 vem pronto para o uso, ou seja, l\u00edquido e por isso tem maior poder de dissemina\u00e7\u00e3o no solo<\/p>\n<\/div><\/div>\n\n\n\n<p><br><img decoding=\"async\" loading=\"lazy\" width=\"54\" height=\"55\" class=\"wp-image-103\" style=\"width: 22px;\" src=\"https:\/\/bioefluentes.com.br\/site\/wp-content\/uploads\/2019\/07\/item-pingo-dagua-azul-folha-verde-bio-efluentes.png\" alt=\"\"> <strong>LMX <em>&#8211; <\/em><\/strong>\u00c9 um complexo probi\u00f3tico bioativador, com fun\u00e7\u00f5es Namaticida, Fungicida, Bactericida, Larvicida de Solo, Antibi\u00f3tico e Fixador de Nitrog\u00eanio. O uso de probi\u00f3ticos no processo de fertiliza\u00e7\u00e3o do solo aumenta a produtividade. [<a href=\"https:\/\/bioefluentes.com.br\/site\/produtos\/lmx\/\">Saiba mais<\/a>]<\/p>\n\n\n\n<p><img decoding=\"async\" loading=\"lazy\" width=\"54\" height=\"55\" class=\"wp-image-103\" style=\"width: 22px;\" src=\"https:\/\/bioefluentes.com.br\/site\/wp-content\/uploads\/2019\/07\/item-pingo-dagua-azul-folha-verde-bio-efluentes.png\" alt=\"\"> <strong>Bioativador: <\/strong>este produto cont\u00e9m principio ativo (agentes org\u00e2nicos), isento de subst\u00e2ncias agrot\u00f3xicas, capaz de atuar, direta ou indiretamente sobre todo ou parte dos cultivares, elevando sua produtividade, sem ter em conta seu valor hormonal ou estimulante.<\/p>\n","protected":false},"excerpt":{"rendered":"<p>A Bio Efluentes \u00e9 formuladora de aditivos biol\u00f3gicos e oferece consultoria especializada na \u00e1rea de efluentes dom\u00e9sticos e industriais. O uso destes aditivos biol\u00f3gicos serve para tratar o efluente no pr\u00f3prio local, de forma limpa e segura, minimizando os custos de retirada do material org\u00e2nico. Como funciona? Do ponto de vista quantitativo, um sistema de &hellip; <a href=\"https:\/\/bioefluentes.com.br\/site\/\" class=\"more-link\">Continuar lendo <span class=\"screen-reader-text\">Tratamento e Formula\u00e7\u00e3o de Aditivos Biol\u00f3gicos &#038; Consultoria Especializada na \u00c1rea de Efluentes Industriais e Dom\u00e9sticos<\/span><\/a><\/p>\n","protected":false},"author":1,"featured_media":48,"parent":0,"menu_order":0,"comment_status":"closed","ping_status":"open","template":"page-templates\/grid-page.php","meta":[],"yoast_head":"<!-- This site is optimized with the Yoast SEO plugin v23.0 - https:\/\/yoast.com\/wordpress\/plugins\/seo\/ -->\n<title>Tratamento e Formula\u00e7\u00e3o de Aditivos Biol\u00f3gicos &amp; Consultoria Especializada na \u00c1rea de Efluentes Industriais e Dom\u00e9sticos - Bio Efluentes<\/title>\n<meta name=\"robots\" content=\"index, follow, max-snippet:-1, max-image-preview:large, max-video-preview:-1\" \/>\n<link rel=\"canonical\" href=\"https:\/\/bioefluentes.com.br\/site\/\" \/>\n<meta property=\"og:locale\" content=\"pt_BR\" \/>\n<meta property=\"og:type\" content=\"article\" \/>\n<meta property=\"og:title\" content=\"Tratamento e Formula\u00e7\u00e3o de Aditivos Biol\u00f3gicos &amp; Consultoria Especializada na \u00c1rea de Efluentes Industriais e Dom\u00e9sticos - Bio Efluentes\" \/>\n<meta property=\"og:description\" content=\"A Bio Efluentes \u00e9 formuladora de aditivos biol\u00f3gicos e oferece consultoria especializada na \u00e1rea de efluentes dom\u00e9sticos e industriais. O uso destes aditivos biol\u00f3gicos serve para tratar o efluente no pr\u00f3prio local, de forma limpa e segura, minimizando os custos de retirada do material org\u00e2nico. Como funciona? Do ponto de vista quantitativo, um sistema de &hellip; Continuar lendo Tratamento e Formula\u00e7\u00e3o de Aditivos Biol\u00f3gicos &#038; Consultoria Especializada na \u00c1rea de Efluentes Industriais e Dom\u00e9sticos\" \/>\n<meta property=\"og:url\" content=\"https:\/\/bioefluentes.com.br\/site\/\" \/>\n<meta property=\"og:site_name\" content=\"Bio Efluentes\" \/>\n<meta property=\"article:modified_time\" content=\"2019-12-04T21:09:41+00:00\" \/>\n<meta property=\"og:image\" content=\"https:\/\/bioefluentes.com.br\/site\/wp-content\/uploads\/2019\/07\/bgMedioAmbiente2019.jpg\" \/>\n\t<meta property=\"og:image:width\" content=\"1928\" \/>\n\t<meta property=\"og:image:height\" content=\"642\" \/>\n\t<meta property=\"og:image:type\" content=\"image\/jpeg\" \/>\n<meta name=\"twitter:card\" content=\"summary_large_image\" \/>\n<meta name=\"twitter:label1\" content=\"Est. tempo de leitura\" \/>\n\t<meta name=\"twitter:data1\" content=\"4 minutos\" \/>\n<script type=\"application\/ld+json\" class=\"yoast-schema-graph\">{\"@context\":\"https:\/\/schema.org\",\"@graph\":[{\"@type\":\"WebPage\",\"@id\":\"https:\/\/bioefluentes.com.br\/site\/\",\"url\":\"https:\/\/bioefluentes.com.br\/site\/\",\"name\":\"Tratamento e Formula\u00e7\u00e3o de Aditivos Biol\u00f3gicos & Consultoria Especializada na \u00c1rea de Efluentes Industriais e Dom\u00e9sticos - Bio Efluentes\",\"isPartOf\":{\"@id\":\"https:\/\/bioefluentes.com.br\/site\/#website\"},\"primaryImageOfPage\":{\"@id\":\"https:\/\/bioefluentes.com.br\/site\/#primaryimage\"},\"image\":{\"@id\":\"https:\/\/bioefluentes.com.br\/site\/#primaryimage\"},\"thumbnailUrl\":\"https:\/\/bioefluentes.com.br\/site\/wp-content\/uploads\/2019\/07\/bgMedioAmbiente2019.jpg\",\"datePublished\":\"2019-07-16T23:31:10+00:00\",\"dateModified\":\"2019-12-04T21:09:41+00:00\",\"breadcrumb\":{\"@id\":\"https:\/\/bioefluentes.com.br\/site\/#breadcrumb\"},\"inLanguage\":\"pt-BR\",\"potentialAction\":[{\"@type\":\"ReadAction\",\"target\":[\"https:\/\/bioefluentes.com.br\/site\/\"]}]},{\"@type\":\"ImageObject\",\"inLanguage\":\"pt-BR\",\"@id\":\"https:\/\/bioefluentes.com.br\/site\/#primaryimage\",\"url\":\"https:\/\/bioefluentes.com.br\/site\/wp-content\/uploads\/2019\/07\/bgMedioAmbiente2019.jpg\",\"contentUrl\":\"https:\/\/bioefluentes.com.br\/site\/wp-content\/uploads\/2019\/07\/bgMedioAmbiente2019.jpg\",\"width\":1928,\"height\":642},{\"@type\":\"BreadcrumbList\",\"@id\":\"https:\/\/bioefluentes.com.br\/site\/#breadcrumb\",\"itemListElement\":[{\"@type\":\"ListItem\",\"position\":1,\"name\":\"In\u00edcio\",\"item\":\"https:\/\/bioefluentes.com.br\/site\/\"},{\"@type\":\"ListItem\",\"position\":2,\"name\":\"Tratamento e Formula\u00e7\u00e3o de Aditivos Biol\u00f3gicos &#038; Consultoria Especializada na \u00c1rea de Efluentes Industriais e Dom\u00e9sticos\"}]},{\"@type\":\"WebSite\",\"@id\":\"https:\/\/bioefluentes.com.br\/site\/#website\",\"url\":\"https:\/\/bioefluentes.com.br\/site\/\",\"name\":\"Bio Efluentes\",\"description\":\"Site institucional da empresa Bio Efluentes\",\"potentialAction\":[{\"@type\":\"SearchAction\",\"target\":{\"@type\":\"EntryPoint\",\"urlTemplate\":\"https:\/\/bioefluentes.com.br\/site\/?s={search_term_string}\"},\"query-input\":\"required name=search_term_string\"}],\"inLanguage\":\"pt-BR\"}]}<\/script>\n<!-- \/ Yoast SEO plugin. -->","yoast_head_json":{"title":"Tratamento e Formula\u00e7\u00e3o de Aditivos Biol\u00f3gicos & Consultoria Especializada na \u00c1rea de Efluentes Industriais e Dom\u00e9sticos - Bio Efluentes","robots":{"index":"index","follow":"follow","max-snippet":"max-snippet:-1","max-image-preview":"max-image-preview:large","max-video-preview":"max-video-preview:-1"},"canonical":"https:\/\/bioefluentes.com.br\/site\/","og_locale":"pt_BR","og_type":"article","og_title":"Tratamento e Formula\u00e7\u00e3o de Aditivos Biol\u00f3gicos & Consultoria Especializada na \u00c1rea de Efluentes Industriais e Dom\u00e9sticos - Bio Efluentes","og_description":"A Bio Efluentes \u00e9 formuladora de aditivos biol\u00f3gicos e oferece consultoria especializada na \u00e1rea de efluentes dom\u00e9sticos e industriais. O uso destes aditivos biol\u00f3gicos serve para tratar o efluente no pr\u00f3prio local, de forma limpa e segura, minimizando os custos de retirada do material org\u00e2nico. Como funciona? Do ponto de vista quantitativo, um sistema de &hellip; Continuar lendo Tratamento e Formula\u00e7\u00e3o de Aditivos Biol\u00f3gicos &#038; Consultoria Especializada na \u00c1rea de Efluentes Industriais e Dom\u00e9sticos","og_url":"https:\/\/bioefluentes.com.br\/site\/","og_site_name":"Bio Efluentes","article_modified_time":"2019-12-04T21:09:41+00:00","og_image":[{"width":1928,"height":642,"url":"https:\/\/bioefluentes.com.br\/site\/wp-content\/uploads\/2019\/07\/bgMedioAmbiente2019.jpg","type":"image\/jpeg"}],"twitter_card":"summary_large_image","twitter_misc":{"Est. tempo de leitura":"4 minutos"},"schema":{"@context":"https:\/\/schema.org","@graph":[{"@type":"WebPage","@id":"https:\/\/bioefluentes.com.br\/site\/","url":"https:\/\/bioefluentes.com.br\/site\/","name":"Tratamento e Formula\u00e7\u00e3o de Aditivos Biol\u00f3gicos & Consultoria Especializada na \u00c1rea de Efluentes Industriais e Dom\u00e9sticos - Bio Efluentes","isPartOf":{"@id":"https:\/\/bioefluentes.com.br\/site\/#website"},"primaryImageOfPage":{"@id":"https:\/\/bioefluentes.com.br\/site\/#primaryimage"},"image":{"@id":"https:\/\/bioefluentes.com.br\/site\/#primaryimage"},"thumbnailUrl":"https:\/\/bioefluentes.com.br\/site\/wp-content\/uploads\/2019\/07\/bgMedioAmbiente2019.jpg","datePublished":"2019-07-16T23:31:10+00:00","dateModified":"2019-12-04T21:09:41+00:00","breadcrumb":{"@id":"https:\/\/bioefluentes.com.br\/site\/#breadcrumb"},"inLanguage":"pt-BR","potentialAction":[{"@type":"ReadAction","target":["https:\/\/bioefluentes.com.br\/site\/"]}]},{"@type":"ImageObject","inLanguage":"pt-BR","@id":"https:\/\/bioefluentes.com.br\/site\/#primaryimage","url":"https:\/\/bioefluentes.com.br\/site\/wp-content\/uploads\/2019\/07\/bgMedioAmbiente2019.jpg","contentUrl":"https:\/\/bioefluentes.com.br\/site\/wp-content\/uploads\/2019\/07\/bgMedioAmbiente2019.jpg","width":1928,"height":642},{"@type":"BreadcrumbList","@id":"https:\/\/bioefluentes.com.br\/site\/#breadcrumb","itemListElement":[{"@type":"ListItem","position":1,"name":"In\u00edcio","item":"https:\/\/bioefluentes.com.br\/site\/"},{"@type":"ListItem","position":2,"name":"Tratamento e Formula\u00e7\u00e3o de Aditivos Biol\u00f3gicos &#038; Consultoria Especializada na \u00c1rea de Efluentes Industriais e Dom\u00e9sticos"}]},{"@type":"WebSite","@id":"https:\/\/bioefluentes.com.br\/site\/#website","url":"https:\/\/bioefluentes.com.br\/site\/","name":"Bio Efluentes","description":"Site institucional da empresa Bio Efluentes","potentialAction":[{"@type":"SearchAction","target":{"@type":"EntryPoint","urlTemplate":"https:\/\/bioefluentes.com.br\/site\/?s={search_term_string}"},"query-input":"required name=search_term_string"}],"inLanguage":"pt-BR"}]}},"_links":{"self":[{"href":"https:\/\/bioefluentes.com.br\/site\/wp-json\/wp\/v2\/pages\/2"}],"collection":[{"href":"https:\/\/bioefluentes.com.br\/site\/wp-json\/wp\/v2\/pages"}],"about":[{"href":"https:\/\/bioefluentes.com.br\/site\/wp-json\/wp\/v2\/types\/page"}],"author":[{"embeddable":true,"href":"https:\/\/bioefluentes.com.br\/site\/wp-json\/wp\/v2\/users\/1"}],"replies":[{"embeddable":true,"href":"https:\/\/bioefluentes.com.br\/site\/wp-json\/wp\/v2\/comments?post=2"}],"version-history":[{"count":20,"href":"https:\/\/bioefluentes.com.br\/site\/wp-json\/wp\/v2\/pages\/2\/revisions"}],"predecessor-version":[{"id":236,"href":"https:\/\/bioefluentes.com.br\/site\/wp-json\/wp\/v2\/pages\/2\/revisions\/236"}],"wp:featuredmedia":[{"embeddable":true,"href":"https:\/\/bioefluentes.com.br\/site\/wp-json\/wp\/v2\/media\/48"}],"wp:attachment":[{"href":"https:\/\/bioefluentes.com.br\/site\/wp-json\/wp\/v2\/media?parent=2"}],"curies":[{"name":"wp","href":"https:\/\/api.w.org\/{rel}","templated":true}]}}