{"id":15,"date":"2019-07-17T00:06:08","date_gmt":"2019-07-17T00:06:08","guid":{"rendered":"https:\/\/bioefluentes.com.br\/site\/?page_id=15"},"modified":"2019-08-22T01:39:42","modified_gmt":"2019-08-22T01:39:42","slug":"industria","status":"publish","type":"page","link":"https:\/\/bioefluentes.com.br\/site\/industria\/","title":{"rendered":"Ind\u00fastria"},"content":{"rendered":"\n<h2 class=\"titulo-azul\">Ind\u00fastrias, Hot\u00e9is e Com\u00e9rcio em Geral<\/h2>\n\n\n\n<p> A <strong>Bio Efluentes<\/strong> oferece servi\u00e7o personalizado para o setor<strong> <\/strong>industrial, hoteleiro e com\u00e9rcios em geral, atrav\u00e9s de gerenciamento ambiental, com os seguintes servi\u00e7os:<\/p>\n\n\n\n<ul><li>Departamento jur\u00eddico<\/li><li>Departamento t\u00e9cnico, com consultores especializados, capazes de oferecer todo o suporte necess\u00e1rio<\/li><li>Departamento de manuten\u00e7\u00e3o, para o sistema de tratamento nas caixas de gordura e fossas s\u00e9pticas<\/li><li>Palestras e treinamento sobre meio ambiente<\/li><\/ul>\n\n\n\n<p>A acelera\u00e7\u00e3o biol\u00f3gica oferece uma maneira natural e bastante eficiente para o controle da decomposi\u00e7\u00e3o natural da mat\u00e9ria org\u00e2nica, com a diminui\u00e7\u00e3o da gera\u00e7\u00e3o de lodo. O resultado deste processo \u00e9 a redu\u00e7\u00e3o da frequ\u00eancia de manuten\u00e7\u00e3o e limpeza do sistema e a melhoria na qualidade final do efluente.<\/p>\n\n\n\n<p>A acelera\u00e7\u00e3o biol\u00f3gica geralmente proporciona um fator custo-benef\u00edcio melhor que os de m\u00e9todos qu\u00edmicos convencionais utilizados atualmente, ou os processos f\u00edsicos e mec\u00e2nicos apresentados  como alternativas.<\/p>\n\n\n\n<p>Ap\u00f3s a implanta\u00e7\u00e3o dos aditivos biol\u00f3gicos, podem ser esperados, a redu\u00e7\u00e3o dos seguintes par\u00e2metros:<\/p>\n\n\n\n<p><img decoding=\"async\" loading=\"lazy\" width=\"54\" height=\"55\" class=\"wp-image-103\" style=\"width: 22px;\" src=\"https:\/\/bioefluentes.com.br\/site\/wp-content\/uploads\/2019\/07\/item-pingo-dagua-azul-folha-verde-bio-efluentes.png\" alt=\"\"> Demanda Bioqu\u00edmica de Oxig\u00eanio (DBO);<br><img decoding=\"async\" loading=\"lazy\" width=\"54\" height=\"55\" class=\"wp-image-103\" style=\"width: 22px;\" src=\"https:\/\/bioefluentes.com.br\/site\/wp-content\/uploads\/2019\/07\/item-pingo-dagua-azul-folha-verde-bio-efluentes.png\" alt=\"\"> Demanda Qu\u00edmica de Oxig\u00eanio (DQO);<br><img decoding=\"async\" loading=\"lazy\" width=\"54\" height=\"55\" class=\"wp-image-103\" style=\"width: 22px;\" src=\"https:\/\/bioefluentes.com.br\/site\/wp-content\/uploads\/2019\/07\/item-pingo-dagua-azul-folha-verde-bio-efluentes.png\" alt=\"\"> \u00d3leos e Graxas;<br><img decoding=\"async\" loading=\"lazy\" width=\"54\" height=\"55\" class=\"wp-image-103\" style=\"width: 22px;\" src=\"https:\/\/bioefluentes.com.br\/site\/wp-content\/uploads\/2019\/07\/item-pingo-dagua-azul-folha-verde-bio-efluentes.png\" alt=\"\"> Res\u00edduo Sedimentar;<br><img decoding=\"async\" loading=\"lazy\" width=\"54\" height=\"55\" class=\"wp-image-103\" style=\"width: 22px;\" src=\"https:\/\/bioefluentes.com.br\/site\/wp-content\/uploads\/2019\/07\/item-pingo-dagua-azul-folha-verde-bio-efluentes.png\" alt=\"\"> Sulfeto<br><img decoding=\"async\" loading=\"lazy\" width=\"54\" height=\"55\" class=\"wp-image-103\" style=\"width: 22px;\" src=\"https:\/\/bioefluentes.com.br\/site\/wp-content\/uploads\/2019\/07\/item-pingo-dagua-azul-folha-verde-bio-efluentes.png\" alt=\"\"> Nitrog\u00eanio Amoniacal<\/p>\n","protected":false},"excerpt":{"rendered":"<p>Ind\u00fastrias, Hot\u00e9is e Com\u00e9rcio em Geral A Bio Efluentes oferece servi\u00e7o personalizado para o setor industrial, hoteleiro e com\u00e9rcios em geral, atrav\u00e9s de gerenciamento ambiental, com os seguintes servi\u00e7os: Departamento jur\u00eddico Departamento t\u00e9cnico, com consultores especializados, capazes de oferecer todo o suporte necess\u00e1rio Departamento de manuten\u00e7\u00e3o, para o sistema de tratamento nas caixas de gordura &hellip; <a href=\"https:\/\/bioefluentes.com.br\/site\/industria\/\" class=\"more-link\">Continuar lendo <span class=\"screen-reader-text\">Ind\u00fastria<\/span><\/a><\/p>\n","protected":false},"author":1,"featured_media":65,"parent":0,"menu_order":16,"comment_status":"closed","ping_status":"closed","template":"page-templates\/full-width-page.php","meta":[],"yoast_head":"<!-- This site is optimized with the Yoast SEO plugin v23.0 - https:\/\/yoast.com\/wordpress\/plugins\/seo\/ -->\n<title>Ind\u00fastria - Bio Efluentes<\/title>\n<meta name=\"robots\" content=\"index, follow, max-snippet:-1, max-image-preview:large, max-video-preview:-1\" \/>\n<link rel=\"canonical\" href=\"https:\/\/bioefluentes.com.br\/site\/industria\/\" \/>\n<meta property=\"og:locale\" content=\"pt_BR\" \/>\n<meta property=\"og:type\" content=\"article\" \/>\n<meta property=\"og:title\" content=\"Ind\u00fastria - Bio Efluentes\" \/>\n<meta property=\"og:description\" content=\"Ind\u00fastrias, Hot\u00e9is e Com\u00e9rcio em Geral A Bio Efluentes oferece servi\u00e7o personalizado para o setor industrial, hoteleiro e com\u00e9rcios em geral, atrav\u00e9s de gerenciamento ambiental, com os seguintes servi\u00e7os: Departamento jur\u00eddico Departamento t\u00e9cnico, com consultores especializados, capazes de oferecer todo o suporte necess\u00e1rio Departamento de manuten\u00e7\u00e3o, para o sistema de tratamento nas caixas de gordura &hellip; Continuar lendo Ind\u00fastria\" \/>\n<meta property=\"og:url\" content=\"https:\/\/bioefluentes.com.br\/site\/industria\/\" \/>\n<meta property=\"og:site_name\" content=\"Bio Efluentes\" \/>\n<meta property=\"article:modified_time\" content=\"2019-08-22T01:39:42+00:00\" \/>\n<meta property=\"og:image\" content=\"https:\/\/bioefluentes.com.br\/site\/wp-content\/uploads\/2019\/07\/yoann-boyer-i14h2xyPr18-unsplash.jpg\" \/>\n\t<meta property=\"og:image:width\" content=\"5814\" \/>\n\t<meta property=\"og:image:height\" content=\"3876\" \/>\n\t<meta property=\"og:image:type\" content=\"image\/jpeg\" \/>\n<meta name=\"twitter:card\" content=\"summary_large_image\" \/>\n<meta name=\"twitter:label1\" content=\"Est. tempo de leitura\" \/>\n\t<meta name=\"twitter:data1\" content=\"1 minuto\" \/>\n<script type=\"application\/ld+json\" class=\"yoast-schema-graph\">{\"@context\":\"https:\/\/schema.org\",\"@graph\":[{\"@type\":\"WebPage\",\"@id\":\"https:\/\/bioefluentes.com.br\/site\/industria\/\",\"url\":\"https:\/\/bioefluentes.com.br\/site\/industria\/\",\"name\":\"Ind\u00fastria - Bio Efluentes\",\"isPartOf\":{\"@id\":\"https:\/\/bioefluentes.com.br\/site\/#website\"},\"primaryImageOfPage\":{\"@id\":\"https:\/\/bioefluentes.com.br\/site\/industria\/#primaryimage\"},\"image\":{\"@id\":\"https:\/\/bioefluentes.com.br\/site\/industria\/#primaryimage\"},\"thumbnailUrl\":\"https:\/\/bioefluentes.com.br\/site\/wp-content\/uploads\/2019\/07\/yoann-boyer-i14h2xyPr18-unsplash.jpg\",\"datePublished\":\"2019-07-17T00:06:08+00:00\",\"dateModified\":\"2019-08-22T01:39:42+00:00\",\"breadcrumb\":{\"@id\":\"https:\/\/bioefluentes.com.br\/site\/industria\/#breadcrumb\"},\"inLanguage\":\"pt-BR\",\"potentialAction\":[{\"@type\":\"ReadAction\",\"target\":[\"https:\/\/bioefluentes.com.br\/site\/industria\/\"]}]},{\"@type\":\"ImageObject\",\"inLanguage\":\"pt-BR\",\"@id\":\"https:\/\/bioefluentes.com.br\/site\/industria\/#primaryimage\",\"url\":\"https:\/\/bioefluentes.com.br\/site\/wp-content\/uploads\/2019\/07\/yoann-boyer-i14h2xyPr18-unsplash.jpg\",\"contentUrl\":\"https:\/\/bioefluentes.com.br\/site\/wp-content\/uploads\/2019\/07\/yoann-boyer-i14h2xyPr18-unsplash.jpg\",\"width\":5814,\"height\":3876},{\"@type\":\"BreadcrumbList\",\"@id\":\"https:\/\/bioefluentes.com.br\/site\/industria\/#breadcrumb\",\"itemListElement\":[{\"@type\":\"ListItem\",\"position\":1,\"name\":\"In\u00edcio\",\"item\":\"https:\/\/bioefluentes.com.br\/site\/\"},{\"@type\":\"ListItem\",\"position\":2,\"name\":\"Ind\u00fastria\"}]},{\"@type\":\"WebSite\",\"@id\":\"https:\/\/bioefluentes.com.br\/site\/#website\",\"url\":\"https:\/\/bioefluentes.com.br\/site\/\",\"name\":\"Bio Efluentes\",\"description\":\"Site institucional da empresa Bio Efluentes\",\"potentialAction\":[{\"@type\":\"SearchAction\",\"target\":{\"@type\":\"EntryPoint\",\"urlTemplate\":\"https:\/\/bioefluentes.com.br\/site\/?s={search_term_string}\"},\"query-input\":\"required name=search_term_string\"}],\"inLanguage\":\"pt-BR\"}]}<\/script>\n<!-- \/ Yoast SEO plugin. -->","yoast_head_json":{"title":"Ind\u00fastria - Bio Efluentes","robots":{"index":"index","follow":"follow","max-snippet":"max-snippet:-1","max-image-preview":"max-image-preview:large","max-video-preview":"max-video-preview:-1"},"canonical":"https:\/\/bioefluentes.com.br\/site\/industria\/","og_locale":"pt_BR","og_type":"article","og_title":"Ind\u00fastria - Bio Efluentes","og_description":"Ind\u00fastrias, Hot\u00e9is e Com\u00e9rcio em Geral A Bio Efluentes oferece servi\u00e7o personalizado para o setor industrial, hoteleiro e com\u00e9rcios em geral, atrav\u00e9s de gerenciamento ambiental, com os seguintes servi\u00e7os: Departamento jur\u00eddico Departamento t\u00e9cnico, com consultores especializados, capazes de oferecer todo o suporte necess\u00e1rio Departamento de manuten\u00e7\u00e3o, para o sistema de tratamento nas caixas de gordura &hellip; Continuar lendo Ind\u00fastria","og_url":"https:\/\/bioefluentes.com.br\/site\/industria\/","og_site_name":"Bio Efluentes","article_modified_time":"2019-08-22T01:39:42+00:00","og_image":[{"width":5814,"height":3876,"url":"https:\/\/bioefluentes.com.br\/site\/wp-content\/uploads\/2019\/07\/yoann-boyer-i14h2xyPr18-unsplash.jpg","type":"image\/jpeg"}],"twitter_card":"summary_large_image","twitter_misc":{"Est. tempo de leitura":"1 minuto"},"schema":{"@context":"https:\/\/schema.org","@graph":[{"@type":"WebPage","@id":"https:\/\/bioefluentes.com.br\/site\/industria\/","url":"https:\/\/bioefluentes.com.br\/site\/industria\/","name":"Ind\u00fastria - Bio Efluentes","isPartOf":{"@id":"https:\/\/bioefluentes.com.br\/site\/#website"},"primaryImageOfPage":{"@id":"https:\/\/bioefluentes.com.br\/site\/industria\/#primaryimage"},"image":{"@id":"https:\/\/bioefluentes.com.br\/site\/industria\/#primaryimage"},"thumbnailUrl":"https:\/\/bioefluentes.com.br\/site\/wp-content\/uploads\/2019\/07\/yoann-boyer-i14h2xyPr18-unsplash.jpg","datePublished":"2019-07-17T00:06:08+00:00","dateModified":"2019-08-22T01:39:42+00:00","breadcrumb":{"@id":"https:\/\/bioefluentes.com.br\/site\/industria\/#breadcrumb"},"inLanguage":"pt-BR","potentialAction":[{"@type":"ReadAction","target":["https:\/\/bioefluentes.com.br\/site\/industria\/"]}]},{"@type":"ImageObject","inLanguage":"pt-BR","@id":"https:\/\/bioefluentes.com.br\/site\/industria\/#primaryimage","url":"https:\/\/bioefluentes.com.br\/site\/wp-content\/uploads\/2019\/07\/yoann-boyer-i14h2xyPr18-unsplash.jpg","contentUrl":"https:\/\/bioefluentes.com.br\/site\/wp-content\/uploads\/2019\/07\/yoann-boyer-i14h2xyPr18-unsplash.jpg","width":5814,"height":3876},{"@type":"BreadcrumbList","@id":"https:\/\/bioefluentes.com.br\/site\/industria\/#breadcrumb","itemListElement":[{"@type":"ListItem","position":1,"name":"In\u00edcio","item":"https:\/\/bioefluentes.com.br\/site\/"},{"@type":"ListItem","position":2,"name":"Ind\u00fastria"}]},{"@type":"WebSite","@id":"https:\/\/bioefluentes.com.br\/site\/#website","url":"https:\/\/bioefluentes.com.br\/site\/","name":"Bio Efluentes","description":"Site institucional da empresa Bio Efluentes","potentialAction":[{"@type":"SearchAction","target":{"@type":"EntryPoint","urlTemplate":"https:\/\/bioefluentes.com.br\/site\/?s={search_term_string}"},"query-input":"required name=search_term_string"}],"inLanguage":"pt-BR"}]}},"_links":{"self":[{"href":"https:\/\/bioefluentes.com.br\/site\/wp-json\/wp\/v2\/pages\/15"}],"collection":[{"href":"https:\/\/bioefluentes.com.br\/site\/wp-json\/wp\/v2\/pages"}],"about":[{"href":"https:\/\/bioefluentes.com.br\/site\/wp-json\/wp\/v2\/types\/page"}],"author":[{"embeddable":true,"href":"https:\/\/bioefluentes.com.br\/site\/wp-json\/wp\/v2\/users\/1"}],"replies":[{"embeddable":true,"href":"https:\/\/bioefluentes.com.br\/site\/wp-json\/wp\/v2\/comments?post=15"}],"version-history":[{"count":2,"href":"https:\/\/bioefluentes.com.br\/site\/wp-json\/wp\/v2\/pages\/15\/revisions"}],"predecessor-version":[{"id":112,"href":"https:\/\/bioefluentes.com.br\/site\/wp-json\/wp\/v2\/pages\/15\/revisions\/112"}],"wp:featuredmedia":[{"embeddable":true,"href":"https:\/\/bioefluentes.com.br\/site\/wp-json\/wp\/v2\/media\/65"}],"wp:attachment":[{"href":"https:\/\/bioefluentes.com.br\/site\/wp-json\/wp\/v2\/media?parent=15"}],"curies":[{"name":"wp","href":"https:\/\/api.w.org\/{rel}","templated":true}]}}